{"id":1522,"date":"2021-06-08T23:32:50","date_gmt":"2021-06-08T23:32:50","guid":{"rendered":"http:\/\/www.ervadaninha.pt\/trengo.pt\/?post_type=jetpack-portfolio&#038;p=1522"},"modified":"2022-10-18T08:49:17","modified_gmt":"2022-10-18T08:49:17","slug":"trengo-2021","status":"publish","type":"jetpack-portfolio","link":"https:\/\/www.ervadaninha.pt\/trengo.pt\/portfolio\/trengo-2021\/","title":{"rendered":"2021"},"content":{"rendered":"\n<p>A 6\u00aa edi\u00e7\u00e3o do Festival de Circo do Porto acontece de 28 junho a 4 julho de 2021 no Parque do Covelo e Teatro Rivoli. 19 apresenta\u00e7\u00f5es de 10 espet\u00e1culos de circo contempor\u00e2neo para toda a fam\u00edlia. Uma produ\u00e7\u00e3o da Companhia Erva Daninha em coprodu\u00e7\u00e3o com \u00c1gora e com apoio da DGArtes que possibilita v\u00e1rias estreias de espet\u00e1culos nacionais e internacionais na cidade.  <\/p>\n\n\n\n<p><a href=\"http:\/\/www.ervadaninha.pt\/trengo.pt\/2021-2\/\" target=\"_blank\" rel=\"noreferrer noopener\" aria-label=\" (abre num novo separador)\">PROGRAMA<\/a> <\/p>\n\n\n\n<figure class=\"wp-block-embed-wordpress wp-block-embed is-type-wp-embed is-provider-vimeo\"><div class=\"wp-block-embed__wrapper\">\n<div class=\"jetpack-video-wrapper\">\n<div data-mode=\"normal\" data-oembed=\"1\" data-provider=\"vimeo\" id=\"arve-vimeo-673547445\" class=\"arve\">\n\t<div class=\"arve-inner\">\n\t\t<div style=\"aspect-ratio:382\/215\" class=\"arve-embed arve-embed--has-aspect-ratio\">\n\t\t\t<div class=\"arve-ar\" style=\"padding-top:56.282723%\"><\/div>\n\t\t\t<iframe allow=\"accelerometer &apos;none&apos;;autoplay &apos;none&apos;;bluetooth &apos;none&apos;;browsing-topics &apos;none&apos;;camera &apos;none&apos;;clipboard-read &apos;none&apos;;clipboard-write;display-capture &apos;none&apos;;encrypted-media &apos;none&apos;;gamepad &apos;none&apos;;geolocation &apos;none&apos;;gyroscope &apos;none&apos;;hid &apos;none&apos;;identity-credentials-get &apos;none&apos;;idle-detection &apos;none&apos;;keyboard-map &apos;none&apos;;local-fonts;magnetometer &apos;none&apos;;microphone &apos;none&apos;;midi &apos;none&apos;;otp-credentials &apos;none&apos;;payment &apos;none&apos;;picture-in-picture;publickey-credentials-create &apos;none&apos;;publickey-credentials-get &apos;none&apos;;screen-wake-lock &apos;none&apos;;serial &apos;none&apos;;summarizer &apos;none&apos;;sync-xhr;usb &apos;none&apos;;web-share;window-management &apos;none&apos;;xr-spatial-tracking &apos;none&apos;;\" allowfullscreen=\"\" class=\"arve-iframe fitvidsignore\" credentialless data-arve=\"arve-vimeo-673547445\" data-lenis-prevent=\"\" data-src-no-ap=\"https:\/\/player.vimeo.com\/video\/673547445?dnt=1&amp;app_id=122963&amp;transparent=0&amp;title=1&amp;byline=0&amp;portrait=0&amp;autoplay=0\" frameborder=\"0\" height=\"0\" loading=\"lazy\" name=\"\" referrerpolicy=\"strict-origin-when-cross-origin\" sandbox=\"allow-scripts allow-same-origin allow-presentation allow-popups allow-popups-to-escape-sandbox allow-forms\" scrolling=\"no\" src=\"https:\/\/player.vimeo.com\/video\/673547445?dnt=1&#038;app_id=122963&#038;transparent=0&#038;title=1&#038;byline=0&#038;portrait=0&#038;autoplay=0\" title=\"\" width=\"0\"><\/iframe>\n\t\t\t\n\t\t<\/div>\n\t\t\n\t<\/div>\n\t\n\t\n\t<script type=\"application\/ld+json\">{\"@context\":\"http:\\\/\\\/schema.org\\\/\",\"@id\":\"https:\\\/\\\/www.ervadaninha.pt\\\/trengo.pt\\\/portfolio\\\/trengo-2021\\\/#arve-vimeo-673547445\",\"type\":\"VideoObject\",\"embedURL\":\"https:\\\/\\\/player.vimeo.com\\\/video\\\/673547445?dnt=1&app_id=122963&transparent=0&title=1&byline=0&portrait=0&autoplay=0\"}<\/script>\n\t\n<\/div><\/div>\n<\/div><\/figure>\n\n\n\n<p> <strong>Equipa\/Team<\/strong><br> Dire\u00e7\u00e3o Art\u00edstica <em>artistic direction<\/em> \u2013 JULIETA GUIMAR\u00c3ES<br> Assist\u00eancia de programa\u00e7\u00e3o e dire\u00e7\u00e3o T\u00e9cnica <em>programming assistant and tecnical diretor<\/em> \u2013 VASCO GOMES<br> Produ\u00e7\u00e3o <em>production<\/em> \u2013 TERESA CAMARINHA<br> V\u00eddeos \u2013 ASHLEIGH GEORGIOU<br> Imagem <em>image<\/em> \u2013 RUI VITORINO SANTOS<br> Assessoria Imprensa <em>press<\/em> \u2013 JO\u00c3O AREZES<br> M\u00fasica Trengo <em>music<\/em> \u2013 JO\u00c3O QUINTELA<br> Coprodu\u00e7\u00e3o <em>coproduction<\/em> \u2013 C\u00e2mara Municipal do Porto | \u00c1gora | Teatro Municipal do Porto<br> Apoio <em>support <\/em>\u2013 R\u00e9publica Portuguesa \u2013 Cultura\/Dire\u00e7\u00e3o Geral das Artes<\/p>\n\n\n\n<div class=\"wp-block-image\"><figure class=\"aligncenter size-large\"><img loading=\"lazy\" decoding=\"async\" width=\"702\" height=\"1024\" src=\"http:\/\/www.ervadaninha.pt\/trengo.pt\/wp-content\/uploads\/2021\/06\/Trengo_Resumo_net-702x1024.jpg\" alt=\"\" class=\"wp-image-1581\" srcset=\"https:\/\/www.ervadaninha.pt\/trengo.pt\/wp-content\/uploads\/2021\/06\/Trengo_Resumo_net-702x1024.jpg 702w, https:\/\/www.ervadaninha.pt\/trengo.pt\/wp-content\/uploads\/2021\/06\/Trengo_Resumo_net-206x300.jpg 206w, https:\/\/www.ervadaninha.pt\/trengo.pt\/wp-content\/uploads\/2021\/06\/Trengo_Resumo_net-768x1120.jpg 768w, https:\/\/www.ervadaninha.pt\/trengo.pt\/wp-content\/uploads\/2021\/06\/Trengo_Resumo_net-1053x1536.jpg 1053w, https:\/\/www.ervadaninha.pt\/trengo.pt\/wp-content\/uploads\/2021\/06\/Trengo_Resumo_net-1404x2048.jpg 1404w, https:\/\/www.ervadaninha.pt\/trengo.pt\/wp-content\/uploads\/2021\/06\/Trengo_Resumo_net-16x24.jpg 16w, https:\/\/www.ervadaninha.pt\/trengo.pt\/wp-content\/uploads\/2021\/06\/Trengo_Resumo_net-25x36.jpg 25w, https:\/\/www.ervadaninha.pt\/trengo.pt\/wp-content\/uploads\/2021\/06\/Trengo_Resumo_net-33x48.jpg 33w, https:\/\/www.ervadaninha.pt\/trengo.pt\/wp-content\/uploads\/2021\/06\/Trengo_Resumo_net-scaled.jpg 1755w\" sizes=\"auto, (max-width: 702px) 100vw, 702px\" \/><\/figure><\/div>\n","protected":false},"excerpt":{"rendered":"<p>A 6\u00aa edi\u00e7\u00e3o do Festival de Circo do Porto acontece de 28 junho a 4 julho de 2021 no Parque do Covelo e Teatro Rivoli. 19 apresenta\u00e7\u00f5es de 10 espet\u00e1culos de circo contempor\u00e2neo para toda a fam\u00edlia. Uma produ\u00e7\u00e3o da Companhia Erva Daninha em coprodu\u00e7\u00e3o com \u00c1gora e com apoio da DGArtes que possibilita v\u00e1rias [&hellip;]<\/p>\n","protected":false},"author":1,"featured_media":1535,"comment_status":"closed","ping_status":"closed","template":"","format":"standard","meta":{"__cvm_playback_settings":[],"__cvm_video_id":"","jetpack_post_was_ever_published":false,"footnotes":"","jetpack_publicize_message":"","jetpack_publicize_feature_enabled":true,"jetpack_social_post_already_shared":true,"jetpack_social_options":{"image_generator_settings":{"template":"highway","default_image_id":0,"font":"","enabled":false},"version":2}},"tags":[],"jetpack-portfolio-type":[],"jetpack-portfolio-tag":[],"class_list":["post-1522","jetpack-portfolio","type-jetpack-portfolio","status-publish","format-standard","has-post-thumbnail","hentry"],"jetpack_publicize_connections":[],"jetpack_sharing_enabled":false,"_links":{"self":[{"href":"https:\/\/www.ervadaninha.pt\/trengo.pt\/wp-json\/wp\/v2\/jetpack-portfolio\/1522","targetHints":{"allow":["GET"]}}],"collection":[{"href":"https:\/\/www.ervadaninha.pt\/trengo.pt\/wp-json\/wp\/v2\/jetpack-portfolio"}],"about":[{"href":"https:\/\/www.ervadaninha.pt\/trengo.pt\/wp-json\/wp\/v2\/types\/jetpack-portfolio"}],"author":[{"embeddable":true,"href":"https:\/\/www.ervadaninha.pt\/trengo.pt\/wp-json\/wp\/v2\/users\/1"}],"replies":[{"embeddable":true,"href":"https:\/\/www.ervadaninha.pt\/trengo.pt\/wp-json\/wp\/v2\/comments?post=1522"}],"version-history":[{"count":23,"href":"https:\/\/www.ervadaninha.pt\/trengo.pt\/wp-json\/wp\/v2\/jetpack-portfolio\/1522\/revisions"}],"predecessor-version":[{"id":1858,"href":"https:\/\/www.ervadaninha.pt\/trengo.pt\/wp-json\/wp\/v2\/jetpack-portfolio\/1522\/revisions\/1858"}],"wp:featuredmedia":[{"embeddable":true,"href":"https:\/\/www.ervadaninha.pt\/trengo.pt\/wp-json\/wp\/v2\/media\/1535"}],"wp:attachment":[{"href":"https:\/\/www.ervadaninha.pt\/trengo.pt\/wp-json\/wp\/v2\/media?parent=1522"}],"wp:term":[{"taxonomy":"post_tag","embeddable":true,"href":"https:\/\/www.ervadaninha.pt\/trengo.pt\/wp-json\/wp\/v2\/tags?post=1522"},{"taxonomy":"jetpack-portfolio-type","embeddable":true,"href":"https:\/\/www.ervadaninha.pt\/trengo.pt\/wp-json\/wp\/v2\/jetpack-portfolio-type?post=1522"},{"taxonomy":"jetpack-portfolio-tag","embeddable":true,"href":"https:\/\/www.ervadaninha.pt\/trengo.pt\/wp-json\/wp\/v2\/jetpack-portfolio-tag?post=1522"}],"curies":[{"name":"wp","href":"https:\/\/api.w.org\/{rel}","templated":true}]}}

<p>A 6ª edição do Festival de Circo do Porto acontece de 28 junho a 4 julho de 2021 no Parque do Covelo e Teatro Rivoli. 19 apresentações de 10 espetáculos de circo contemporâneo para toda a família. Uma produção da Companhia Erva Daninha em coprodução com Ágora e com apoio da DGArtes que possibilita várias estreias de espetáculos nacionais e internacionais na cidade.  </p>



<p><a href="http://www.ervadaninha.pt/trengo.pt/2021-2/" target="_blank" rel="noreferrer noopener" aria-label=" (abre num novo separador)">PROGRAMA</a> </p>



<figure class="wp-block-embed-wordpress wp-block-embed is-type-wp-embed is-provider-vimeo"><div class="wp-block-embed__wrapper">
<div class="jetpack-video-wrapper">
<div data-mode="normal" data-oembed="1" data-provider="vimeo" id="arve-vimeo-673547445" class="arve">
	<div class="arve-inner">
		<div style="aspect-ratio:382/215" class="arve-embed arve-embed--has-aspect-ratio">
			<div class="arve-ar" style="padding-top:56.282723%"></div>
			<iframe allow="accelerometer &apos;none&apos;;autoplay &apos;none&apos;;bluetooth &apos;none&apos;;browsing-topics &apos;none&apos;;camera &apos;none&apos;;clipboard-read &apos;none&apos;;clipboard-write;display-capture &apos;none&apos;;encrypted-media &apos;none&apos;;gamepad &apos;none&apos;;geolocation &apos;none&apos;;gyroscope &apos;none&apos;;hid &apos;none&apos;;identity-credentials-get &apos;none&apos;;idle-detection &apos;none&apos;;keyboard-map &apos;none&apos;;local-fonts;magnetometer &apos;none&apos;;microphone &apos;none&apos;;midi &apos;none&apos;;otp-credentials &apos;none&apos;;payment &apos;none&apos;;picture-in-picture;publickey-credentials-create &apos;none&apos;;publickey-credentials-get &apos;none&apos;;screen-wake-lock &apos;none&apos;;serial &apos;none&apos;;summarizer &apos;none&apos;;sync-xhr;usb &apos;none&apos;;web-share;window-management &apos;none&apos;;xr-spatial-tracking &apos;none&apos;;" allowfullscreen="" class="arve-iframe fitvidsignore" credentialless data-arve="arve-vimeo-673547445" data-lenis-prevent="" data-src-no-ap="https://player.vimeo.com/video/673547445?dnt=1&amp;app_id=122963&amp;transparent=0&amp;title=1&amp;byline=0&amp;portrait=0&amp;autoplay=0" frameborder="0" height="0" loading="lazy" name="" referrerpolicy="strict-origin-when-cross-origin" sandbox="allow-scripts allow-same-origin allow-presentation allow-popups allow-popups-to-escape-sandbox allow-forms" scrolling="no" src="https://player.vimeo.com/video/673547445?dnt=1&#038;app_id=122963&#038;transparent=0&#038;title=1&#038;byline=0&#038;portrait=0&#038;autoplay=0" title="" width="0"></iframe>
			
		</div>
		
	</div>
	
	
	<script type="application/ld+json">{"@context":"http:\/\/schema.org\/","@id":"https:\/\/www.ervadaninha.pt\/trengo.pt\/portfolio\/trengo-2021\/#arve-vimeo-673547445","type":"VideoObject","embedURL":"https:\/\/player.vimeo.com\/video\/673547445?dnt=1&app_id=122963&transparent=0&title=1&byline=0&portrait=0&autoplay=0"}</script>
	
</div></div>
</div></figure>



<p> <strong>Equipa/Team</strong><br> Direção Artística <em>artistic direction</em> – JULIETA GUIMARÃES<br> Assistência de programação e direção Técnica <em>programming assistant and tecnical diretor</em> – VASCO GOMES<br> Produção <em>production</em> – TERESA CAMARINHA<br> Vídeos – ASHLEIGH GEORGIOU<br> Imagem <em>image</em> – RUI VITORINO SANTOS<br> Assessoria Imprensa <em>press</em> – JOÃO AREZES<br> Música Trengo <em>music</em> – JOÃO QUINTELA<br> Coprodução <em>coproduction</em> – Câmara Municipal do Porto | Ágora | Teatro Municipal do Porto<br> Apoio <em>support </em>– Républica Portuguesa – Cultura/Direção Geral das Artes</p>



<div class="wp-block-image"><figure class="aligncenter size-large"><img loading="lazy" decoding="async" width="702" height="1024" src="http://www.ervadaninha.pt/trengo.pt/wp-content/uploads/2021/06/Trengo_Resumo_net-702x1024.jpg" alt="" class="wp-image-1581" srcset="https://www.ervadaninha.pt/trengo.pt/wp-content/uploads/2021/06/Trengo_Resumo_net-702x1024.jpg 702w, https://www.ervadaninha.pt/trengo.pt/wp-content/uploads/2021/06/Trengo_Resumo_net-206x300.jpg 206w, https://www.ervadaninha.pt/trengo.pt/wp-content/uploads/2021/06/Trengo_Resumo_net-768x1120.jpg 768w, https://www.ervadaninha.pt/trengo.pt/wp-content/uploads/2021/06/Trengo_Resumo_net-1053x1536.jpg 1053w, https://www.ervadaninha.pt/trengo.pt/wp-content/uploads/2021/06/Trengo_Resumo_net-1404x2048.jpg 1404w, https://www.ervadaninha.pt/trengo.pt/wp-content/uploads/2021/06/Trengo_Resumo_net-16x24.jpg 16w, https://www.ervadaninha.pt/trengo.pt/wp-content/uploads/2021/06/Trengo_Resumo_net-25x36.jpg 25w, https://www.ervadaninha.pt/trengo.pt/wp-content/uploads/2021/06/Trengo_Resumo_net-33x48.jpg 33w, https://www.ervadaninha.pt/trengo.pt/wp-content/uploads/2021/06/Trengo_Resumo_net-scaled.jpg 1755w" sizes="auto, (max-width: 702px) 100vw, 702px" /></figure></div>

<p>A 6ª edição do Festival de Circo do Porto acontece de 28 junho a 4 julho de 2021 no Parque do Covelo e Teatro Rivoli. 19 apresentações de 10 espetáculos de circo contemporâneo para toda a família. Uma produção da Companhia Erva Daninha em coprodução com Ágora e com apoio da DGArtes que possibilita várias [&hellip;]</p>
